3 + 4*x**2. What is the remainder when 16 is divided by v(3)?
7
Let b(q) be the second derivative of q**3/3 - q**2 - q. Let k be b(2). Suppose 3*t - 40 = k*t. Calculate the remainder when t is divided by 21.
19
Let x be 6/8 - 9/12. Suppose -3*i + j = -16, -5*j - 25 + 5 = x. What is the remainder when 80/6 + 2/3 is divided by i?
2
Let d(f) = -f**2. Let w be d(0). Let j(i) = -i + 15. Suppose -13*s = s - 826. Calculate the remainder when s is divided by j(w).
14
Suppose 0 = -3*m - 9, q - 5*m + 8 = 41. Let r = 30 - q. Suppose -r = -3*v - v - 3*s, 5*v = -2*s + 15. What is the remainder when 5 is divided by v?
2
Let s(t) = t**3 - 3*t**2 + 2*t + 2. Let r be s(2). What is the remainder when 14*(1 + (-6)/(-4)) is divided by r - (-1 + -2 + -7)?
11
What is the remainder when (-1377)/(-18) - 5/2 is divided by 25?
24
Let l(m) be the first derivative of -m**3/3 - 4*m**2 + 4*m - 1. What is the remainder when 32 is divided by l(-7)?
10
Suppose o + 1 = 0, -4*w - 5*o + 38 = -73. What is the remainder when w is divided by 15?
14
Suppose 3*c + 15 = -5*p - 44, p = -4. Calculate the remainder when -10*(-1 + c/5) is divided by 13.
10
Let y(i) = i + 12. What is the remainder when 11 is divided by y(-9)?
2
Let a(n) = 3*n + 1. Let m(t) = t**2 - 1. Let z be m(-2). Let h be a(z). Let s = -5 + h. What is the remainder when s is divided by 3?
2
Suppose -g + 0 = -14. Let x(z) = -10*z + 1. Let j(w) = -w - 10. Let l be j(-6). What is the remainder when x(l) is divided by g?
13
Calculate the remainder when 9 is divided by (0 + 2)*15/6.
4
Let g(t) = 2*t**3 - 4*t**2 + 2*t + 1. Let d = 0 - 6. Let o = d - -9. What is the remainder when g(2) is divided by o?
2
Let l(n) = -2*n**3 + 9*n**2 + 10*n - 3. Let b be l(9). What is the remainder when b/(-24) + 1/4 is divided by 14?
13
Let x = -11 - -77. Suppose 108 + x = 3*g. What is the remainder when g is divided by (-4)/14 + (-107)/(-7)?
13
Let s = -20 - -50. Calculate the remainder when s is divided by (22/4)/(16/32).
8
Let j = 3 + 0. Suppose 0 = -2*r + 5*b + 2, 2*b - 45 = -j*r - b. Let g = -3 - -7. What is the remainder when r is divided by g?
3
Let b = -38 - -53. Let a = -6 - -8. What is the remainder when 0 + a + b/3 is divided by 3?
1
Suppose -4*j + 0*j = 0. Suppose 2*q = 3*w - 6*w + 68, j = 5*q + 3*w - 170. Calculate the remainder when q is divided by 18.
16
Let p = 19 + -16. Let l(t) = t**2 + 3*t + 6. Let k be l(-6). Suppose 3*b = -0*b + k. Calculate the remainder when b is divided by p.
2
Suppose -y - 316 = -3*p, 0*y - 2*y = 2*p - 224. Suppose -5*u - 37 = -p. What is the remainder when 54 is divided by u?
12
Suppose 3*b - 7 = 3*o + 4*b, 0 = -4*o - b - 9. Suppose 4*s + 84 = 4*z, 0*z - 5*z - 2*s + 133 = 0. Calculate the remainder when 33 is divided by (o - z)*4/(-6).
15
Let b be (0 + 1)/(3/9). What is the remainder when 46 is divided by -1*(-3 + b - 12)?
10
Suppose 4 = 2*r - 4. Let j(c) = 2*c**2 - 4*c - c - 3 + 0*c**2. What is the remainder when 17 is divided by j(r)?
8
Suppose -2 - 26 = -3*p + 2*z, -z + 4 = 0. Calculate the remainder when 57 is divided by p.
9
Let p = 13 - 11. Suppose 0*s - 12 = -4*s. Calculate the remainder when s is divided by p.
1
Suppose -4*f = -3*z - 647, -2*f + 158 = -z - 167. Calculate the remainder when f is divided by 33.
32
Suppose 5*c - 34 = 3*g, g - 3*c = -6*c + 12. Let f = 7 - g. Suppose -3*v + 4*v = 18. Calculate the remainder when v is divided by f.
8
Let o = -3 - -9. Let z(a) = -a**3 + 4*a**2 + 6*a + 6. Let w(l) = -3*l - 4. Let f be w(-3). What is the remainder when z(f) is divided by o?
5
Suppose -325 - 25 = -5*l + 5*q, 0 = -5*l - 2*q + 378. What is the remainder when l is divided by 19?
17
Suppose -2*m + 10 = -4. Let q = 6 + -1. Calculate the remainder when m is divided by q.
2
Suppose 3*a + 2*a - 35 = 0. Suppose -9 = 3*u - 5*j - 0*j, 6 = 2*j. Let n = u + a. Calculate the remainder when 26 is divided by n.
8
Suppose 0 = 3*x - 2*p - 650, 4*x - 195 = 3*x + 5*p. Suppose x = 6*n - n. Calculate the remainder when n is divided by 15.
14
Suppose 5*r = 5*a - 33 + 3, r = -5*a + 36. Calculate the remainder when a is divided by (-5)/(-2) - 5/(-10).
1
Suppose -27 = -3*t - 4*o + o, -2*t - 5*o = -12. Let b(g) = -t - 14*g + 6 + 5. What is the remainder when b(-2) is divided by 15?
13
Let n(b) = -10*b - 6. Calculate the remainder when 66 is divided by n(-4).
32
Let s(x) = 3*x - 28. What is the remainder when 1*13 - (-2)/1 is divided by s(12)?
7
Let h(u) = u**3 + 5*u**2 - 8*u - 5. Let w(n) = -n**3 + 5*n**2 + 9*n - 6. Let p be w(6). Let l = p - 9. Calculate the remainder when h(-6) is divided by l.
1
Let l(t) = t**3 - 12*t**2 - 10*t. What is the remainder when l(13) is divided by 10?
9
Let d(n) = -2*n**2 + 2*n + 2. Let s be d(2). Suppose 0 = -3*j + o + 86, -o - 142 = 3*j - 8*j. Calculate the remainder when j is divided by (32 + -2)*(-1)/s.
13
Suppose 2*j - 103 = y, -4*j + 0*y - y + 203 = 0. Calculate the remainder when j is divided by 26.
25
Suppose 2*t = -0*t + 6. Suppose -t*b + 12 = 6. What is the remainder when b is divided by 1?
0
Let h = 2 - -8. Suppose -x - 4*x = -25. Suppose 0 = d + 3, -3*v + 3*d - x*d + 51 = 0. What is the remainder when v is divided by h?
9
Suppose -96 = -5*x - 3*t, -x + 3 + 15 = t. Calculate the remainder when x is divided by 8.
5
Let o(c) = 2*c - 3. Let s(h) = -h + 4. Let z(n) = -3*o(n) - 4*s(n). What is the remainder when z(-5) is divided by 1?
0
Suppose 0 = -p - p + 16. Suppose -111 = -5*u - 4*o, 3*u - 51 = u + 5*o. What is the remainder when u is divided by p?
7
Let o(h) = -3*h**2 + 2*h**2 + 3*h + 4 - 5 + h. Let b be o(6). Let y = 23 + b. Calculate the remainder when y is divided by 4.
2
Let b be 1/4 - (-76)/16. Suppose b*c = -6*v + 9*v - 107, 4*c - 71 = -3*v. Suppose -2*y + 8 = -12. Calculate the remainder when v is divided by y.
9
Suppose -4*c = 3*n - 9 - 19, -2*n + 2*c = -42. What is the remainder when 110 is divided by n?
14
Let z(r) = 6*r - 18. Calculate the remainder when 0 + 0 + 13 + 2 is divided by z(4).
3
Let l(u) = 7*u**2 - 2*u + 6. Let m be l(4). Suppose -5*k + m = -5*w, k - 24 = 2*w + w. What is the remainder when k is divided by 6?
3
Suppose -2*k + 4 = -k. Suppose -2*f = -0*f - 3*l - 14, 0 = -5*f - k*l + 12. What is the remainder when 11 is divided by f?
3
Let l be (-42)/(-30) + 2/(-5). Let x(r) = -l + 3 + 5*r - r. Calculate the remainder when x(4) is divided by 5.
3
Let a = 0 + 2. Suppose -x + 15 = k, k - 4 = 2*x + 26. Calculate the remainder when k is divided by 15/a - (-3)/(-6).
6
Suppose 68 = -3*l + 5*l. Suppose -i = 3*x - 3, 7*x = -4*i + 2*x + 33. What is the remainder when l is divided by i?
10
Let w(h) = h**3 + 2*h**2 - 4*h + 1. Let v be w(-4). Calculate the remainder when 8 is divided by (-1)/(-3)*v/(-1).
3
Suppose -4 = 4*g + 2*a, 7*g = 4*g + 4*a + 8. Suppose g*k - 5*k = 60. What is the remainder when 16 is divided by (-76)/k - (-1)/(-3)?
4
Suppose 0 = 5*p - 4*p - 12. Suppose 0 = -5*n + n + p. What is the remainder when 20/3 - (-3)/9 is divided by n?
1
Suppose -h - o + 16 = 0, -1 = -h + 2*o + 12. Let g(r) = 4*r + 10. Calculate the remainder when g(8) is divided by h.
12
Suppose -b + 2 = -1. Suppose -b*z - 12 = 45. Let g = z - -68. Calculate the remainder when g is divided by 13.
10
Let t(n) be the second derivative of n**4/12 - 2*n**3/3 + n. Let m be t(2). Calculate the remainder when 57/6 + (-2)/m is divided by 6.
4
Let y = 9 - 6. Suppose -30 = -2*s - 4*q, -2*s - 3*q = -y*s. Suppose 0 = -p - 0*p + 5. Calculate the remainder when s is divided by p.
4
Let j(g) = 5*g**2 - 2*g + 1. Let n be (-2)/(-4)*2*1. Let p be j(n). Let b(f) = 4*f**2 - 7*f + 6. Calculate the remainder when b(p) is divided by 11.
9
Let i(d) = 3*d - 8. Calculate the remainder when 14 is divided by i(6).
4
What is the remainder when 74 is divided by 4*26/(-8)*-2?
22
Let v = 137 - 80. Calculate the remainder when v is divided by 10.
7
Suppose -6*h - 247 = -631. Calculate the remainder when 253 is divided by h.
61
Let v be (681/5)/3 + 6/10. Let d(p) = 2*p - 1. Let j be d(2). Suppose -2*t = -2*z + v, -j*z + 4*t - 45 = -118. Calculate the remainder when z is divided by 7.
5
Let d be (2/1)/(-1) + 2. Let b be (-2 - d) + 3 + 3. Suppose v + b*v = 60. Calculate the remainder when 34 is divided by v.
10
Let p be -2*(4 + (-189)/6). Suppose -6*d + d = -p. What is the remainder when 20 is divided by d?
9
Su